15 + 8 + 32)
5
What is the value of -4 + 11 + -221 + 189?
-25
Evaluate 5 + 1 + (-17 - -56) + -55.
-10
What is the value of -35 + 16 + (-16 - -37)?
2
Calculate 1 - -2 - (-335 + 340).
-2
What is 0 + (14 - 2) + -23 + 14?
3
Calculate -37 - (-28 + 28 + -14 - -1).
-24
What is the value of 8 - (10 + -19) - 10?
7
What is -18 + (2 - 3) + 19 + 16?
16
Calculate -75 - (-40 + 24 + -30).
-29
What is the value of 12 - (-9 - (-14 - 8))?
-1
What is -7 + (-30 - -11 - (5 + -13))?
-18
What is 9 + -9 - -5 - -3 - 14?
-6
Evaluate -1 + 3 + 1 + 10 + -20.
-7
What is 3 + 10 - (-11 + 15)?
9
What is (1 - (-5 - -12)) + -34 + 49 + 12?
21
What is the value of (21 + -24 - (-5 - 0)) + -7 + -5?
-10
What is the value of (-11 - 12 - -32) + -27?
-18
Evaluate -5 + -8 + -23 + 27.
-9
Calculate 8 - (1 + 4 + -47 + 36 - -31).
-17
-11 - (7 - 18) - (-11 + -2 + 4)
9
Calculate 10 + (1 - ((5 - 0) + 5)).
1
What is 18 - (-39 - -36) - -11?
32
Calculate 36 + -15 - 44 - (3 - (-7 - -2)).
-31
(-7 - (1 - (-3 + 17))) + -26
-20
What is (9 - 29) + -1 + (-2 - -10)?
-13
Evaluate (0 - -7 - 4) + (15 - (3 + 4)).
11
Calculate (1 - -18) + (104 - 100) + (-2 - -7).
28
Calculate -2 + 5 + 0 + -2 - (217 + -225).
9
Evaluate 33 + -14 + -12 - (-2 - -35).
-26
Calculate 4 - (22 + -19 + 4 + 0) - -21.
18
Calculate -27 - -58 - (8 + 0) - 15.
8
What is the value of (3 + 11 - (20 + -11)) + -10?
-5
What is (22 + -43 - -22) + 2?
3
Calculate 20 + (2 + -4 - 10 - (3 - 10)).
15
(223 - 233) + (-2 - (-5 - -2))
-9
Calculate -3 - (6 + (2 - 2 - 11) + 11).
-9
(9 - 12) + -9 + 11 + 1
0
Evaluate (62 - 55) + 12 + 3 + 0.
22
Calculate 9 + (22 - (-12 + 68)).
-25
-28 - -37 - 3 - (-2 - -12)
-4
What is the value of -1 - (8 + 1) - (9271 - 9280)?
-1
Evaluate -5 + 1 + (8 + (6 - 7) - 10).
-7
1 - 24 - (10 - (-12 + 26))
-19
Calculate -23 - (3 - (12 - 2)).
-16
25 - (39 - (-32 - -24))
-22
What is the value of (19 - 14) + 0 + 7 - (0 - -5)?
7
(9 + -2 - 4) + (-1 - -7)
9
Calculate -28 - ((-64 - -11) + 6).
19
(13 - -4 - 29) + 34
22
Calculate -19 - (11 - (-1 - -9)) - -11.
-11
What is -1 + -1 - (21 + -28 - (2 + 1))?
8
What is the value of 5 - (0 + 1) - 1?
3
Calculate 32 - 9 - 11 - 0.
12
-8 - (-11 + -15 + 5)
13
What is 21 - 7 - 14 - 8?
-8
Evaluate 0 + -1 + 8 + -8.
-1
Calculate (6 - 8) + (-6 + 1 + 7 - -15).
15
(0 - -16) + -21 + 0 + -1
-6
Calculate 5 - ((5 - (2 + 1) - 16) + 4).
15
What is (2 - (-3 + 0 + 3)) + -2 + 4?
4
Calculate -22 + ((0 - 0) + -2 - -11).
-13
Evaluate 4 - (-8 + 18) - (4 - (-3 - -6)).
-7
Evaluate -6 + 13 + -6 + -1 + 8.
8
What is -6 + (-2 - (-4 + -2)) - 2?
-4
Calculate 2 - 8 - (-6 - -7).
-7
0 + -19 + 4 + 0 + 6
-9
(-16 + 18 - -14) + -33 - -39
22
Evaluate (9 + -11 - 5) + 9.
2
Evaluate 1 + 13 - ((252 - 255) + (12 - 2)).
7
What is 4 + -8 + 8 - 15?
-11
(-8 - (-9 - -10 - 39)) + -6
24
Calculate -6 - (-58 + 25 - -17).
10
Calculate (-15 - -6) + (-1 - (11 - 1)) + 4.
-16
Calculate 10 - (-1 + 0 + (14 - -17)).
-20
Calculate -14 - (-6 - (3 + -6)).
-11
Calculate (-3 - (4 + 30)) + (-1 - (16 + -26)).
-28
Evaluate -10 + (0 - -11 - (-9 + 6)).
4
Calculate (-64 - -61) + 2 + (-1 - -8).
6
What is -4 - (-6 + -6 + (15 - 2))?
-5
What is the value of -3 - (-9 - (8 - 9 - -7))?
12
What is (0 + 2 - (0 - (7 - 8))) + 9?
10
What is the value of (-11 - (14 - 15)) + 2?
-8
12 + -3 + 18 + -14 - (1 - 0)
12
Evaluate -17 + 1 - (14 - 18).
-12
What is the value of -22 - (16 + (-4 - 3) - 7 - 8)?
-16
0 + (19 - ((6 - 19 - -8) + 7))
17
-55 + 61 - (-4 - -6 - -5)
-1
What is (-125 - -115 - (-1 + -21)) + (-20 - -2)?
-6
Calculate 1 - (-23 - -71 - 44).
-3
-1 - (-1 - -10) - (-9 + 2)
-3
17 + (4 - 15) + -3 + -5 - -12
10
Evaluate -14 + -33 + (24 - -27).
4
0 + (13 - (7 - -14))
-8
-18 + 15 + -15 + 0 + (-8 - 0)
-26
What is the value of 7 + (-18 - -16) + 1 + 6?
12
-1016 + 1041 - (1 + 10)
14
Evaluate -1 + 24 + -7 - 45.
-29
What is -17 + 64 + -58 + (-1 - -7)?
-5
Evaluate (12 - 29 - -17) + -12.
-12
What is -17 - (13 + -7 + 0 - 18)?
-5
13 - 13 - -18 - 9
9
7 + (-7 - -1) + 6
7
Evaluate 35 + -32 - (1 + -2).
4
Evaluate (-7 - (0 + -7 + -14)) + -4.
10
What is (12 - (-4 - -9)) + -3 + -2 + 5?
7
Calculate -16 - (3 + 20 + -11 - 33).
5
What is the value of 4 - (-13 - (12 - 36))?
-7
Evaluate -49 + 34 + 45 - (0 + -1 - -3).
28
What is -3 + -3 + 6 + -5?
-5
What is the value of (-3 - 17) + (-12 + 3 - -18)?
-11
Calculate 8 + (1 + -3 - 10).
-4
What is the value of (-23 - 0) + -132 + 157?
2
What is the value of -7 - (-27 + 41) - -16?
-5
What is 2 - 11 - (-736 - -729)?
-2
Evaluate 24 + -3 + (3 + 3 - 4) - 7.
16
Calculate -210 + 166 + (26 - 1).
-19
Calculate 11 + -5 + 3 - (265 - 222).
-34
What is the value of (-4 + -11 - 0) + (-2 - (5 + -9))?
-13
Evaluate 9 - (16 + (-12 - -26 - -3)).
-24
What is the value of -6 + (-1 - 7 - (29 + -57 - -36))?
-22
Calculate 0 - (-3 - (-4 + -10)).
-11
Evaluate (0 - -18 - 3) + -1.
14
What is (1 - 3) + (-247 - -259)?
10
Evaluate (1 - -5) + (5 - 14) - -2.
-1
Calculate -12 + (3 - 1) - (-48 + (47 - -9)).
-18
What is (2 + -3 - (-14 + 7)) + -13?
-7
Evaluate -53 + 64 + (-7 - -2).
6
Calculate -2 + (20 + 2 - (-5 - 4 - -12)).
17
Evaluate (-14 + -6 - 1) + 14 - -5.
-2
Calculate 47 - (28 + -32 - -31).
20
What is 21 - (-40 + 19 + 20)?
22
Calculate (1 - 5) + (-5 - -3) - (88 - 74).
-20
What is (2 - 1) + (2 - (13 - 0))?
-10
Evaluate -7 - (-2 + 9 + 3 + -3).
-14
Evaluate 1 + 2 + 18 + -23 + -12.
-14
Evaluate 249 + -256 + -3 + 2.
-8
Calculate 13 - ((-11 - 15) + 29).
10
What is the value of -7 + (-2 - (-1 - 3)) + (4 - 12)?
-13
Evaluate 14 + (-5 - -1) - (439 - 423).
-6
Calculate 4 + -2 + 9 + 3 + 2 + -3.
13
-5 - 2 - (12 + (-12 - (12 - 24)))
-19
Calculate (32 - (42 + -47)) + -61.
-24
What is the value of -7 - (14 + (-9 - (-10 - -4 - 3)))?
-21
Calculate 4 + -6 + -2 - (-3 + -1) - -15.
15
Calculate -6 - 0 - (5 + -11).
0
What is 18 + -6 + 4 - 13?
3
Evaluate -36 + 33 + -6 - -28.
19
(0 - -1) + (-17 - (19 + -25))
-10
Evaluate 3 + 0 - (113 + -108) - -3.
1
Evaluate (-22 - (-19 - 20)) + 3 + (0 - 0).
20
-4 - (-3 - 1) - (-3 + 8 - -2)
-7
Evaluate 5 + (-6 - (-35 - -44)).
-10
What is the value of (14 - 32) + -4 + 3 + 2?
-17
What is the value of -21 + (-3 - (-4 - -9 - 3 - -1))?
-27
Evaluate -13 + (3 - 2) + 13.
1
What is 4 + -1 - (10 - (-9 + (-9 - -16)))?
-9
Evaluate 2 - (-3 - (-13 + 7 - 0)).
-1
What is (1 - -1) + (15 + -43 - -2) + 15?
-9
Evaluate (0 + (3 - -2) - (19 + -12)) + 12.
10
Evaluate -6 - -1 - (7 + 1 + -21) - 21.
-13
Evaluate -28 - (-4 + 4 + (7 - 15)) - -6.
-14
What is (2 + -4 - -3) + (-3 - (3 - 2))?
-3
Evaluate -18 - (3 - -14 - 24) - -19.
8
-11 + -14 - -39 - 34
-20
What is 12 - (-3 + 13 - 4 - -3)?
3
Calculate -40 + 39 + (-7 - 21).
-29
What is 1 + 40 + (69 - (144 + -63))?
29
Evaluate -29 - (-28 + -18) - 22.
-5
Evaluate 13 + 26 + (-43 - -21).
17
-31 + 2 + 35 + -19 + 2
-11
Evaluate 8 - -7 - (26 + -27).
16
35 + -17 + (-18 - 3)
-3
Evaluate 13 - (19 - 21 - -16).
-1
Calculate 12 - (-11 + 3 + (0 - 1)).
21
Evaluate 23 + -2 + -17 + 14 + -5.
13
Evaluate -6 - (-7 - 8 - -21).
-12
Evaluate (-60 - (-28 + -4)) + -6.
-34
What is -6 - -12 - (17 - 4)?
-7
(0 - (30 + -1) - -8) + 9
-12
3 - 9 - 20 - -27
1
What is the value of 224 + -220 + (14 - (-1 - 0))?
19
Evaluate 34 - (16 + -11 + 29).
0
What is the value of (-1 - -2) + -1 + (0 - 3) - -15?
12
(-1 + 6 - -2) + -5 - 4
-2
Evaluate 3 + 11 + -20 - -3.
-3
Calculate 1 + 19 + (-21 - 9).
-10
Calculate (-5 - 24 - 1) + (-3 - 8 - -9).
-32
Calculate 5 + 1 + -2 - (13 - 22 - -27).
-14
Evaluate 5 + -11 + -22 - (27 - 34).
-21
Evaluate -10 + 51 + -64 + (2 - 3).
-24
Evaluate -1 + 9 + (-7 - 24 - -8).
-15
What is 8 - ((5 - (3 + (-1 - -3))) + -5)?
13
What is (37 + -21 - 3) + -26 + -12?
-25
Evaluate -23 + 30 + (-27 - -4) + -8.
-24
Calculate (-7 - -2) + (4 - (10 - 4)).
-7
Evaluate -1 + 0 + (-64 - -60) - -7.
2
Evaluate 18 + (2 - -19) + -54.
-15
12 + (6 - 8) + 1 - -5
16
Evaluate -31 - (-25 + 4 + 1).
-11
What is the value of 0 + -8 + 9 + (19 - 4)?
16
What is (2 + 21 - -17) + -34?
6
Calculate (6 - -2 - (10 + -4)) + 4 - -1.
7
Evaluate (7 - 0) + -7 + 54 + -46.
8
Evaluate 2 + 1 - (-3 - -10).
-4
Calculate 6 + 18 + -35 + 22.
11
Evaluate (-8 - 3) + -1 + 1 - (-35 + 28).
-4
What is -19 + 2 + 0 + 7 + -22?
-32
What is the value of 3 + -1 + -11 + 7?
-2
What is the value of (-2 - (-5 + 4 - 22)) + -3 - 12?
6
Calculate -35 - -63 - 22 - (-1 - -18).
-11
Evaluate (21 - 2 - 33) + 6.
-8
What is 366 + -350 - (-3 + (-6 - (3 - 6)))?
22
Evaluate -11 